 List the prime factors of g.
7, 2383
Suppose 1350*o - 1353*o = 3, -2*q = -o - 44589. What are the prime factors of q?
2, 71, 157
Let h be (-29 - -36) + -2 + -1. Suppose h*w - 3440 = -w. Suppose -t + 2*u = 3*t - w, -5*u = 0. List the prime factors of t.
2, 43
Suppose 0 = -3*z - 8*z + 11443 + 2296. What are the prime factors of z?
1249
Let c(d) = 14552*d**2 + 41*d + 6. List the prime factors of c(1).
13, 1123
Let k be 766*(0 - (-2)/4). What are the prime factors of 0/(-11) - (-3 + 4 - k)?
2, 191
Let c(m) = 743*m**2 + 45*m + 350. List the prime factors of c(-7).
2, 7, 19, 137
Let a = 56 - 54. Let w be a*(3/6)/(-1) - -329. Suppose -3*y + 26 = -w. List the prime factors of y.
2, 59
Suppose -2*p = -3*d + 27, 2*p + 22 = d - 3*p. Suppose -2*f + 9 = 4*y - d, -y = -5. What are the prime factors of -1*(495/(-3) + f)?
167
Let p(b) = 3*b - 22. Suppose t = -3*l + 4, -2*t - l = -5*l - 18. Let h be p(t). What are the prime factors of h*2 + (-441)/(-7)?
61
Suppose -4*t - 4*a + 4 = 0, 0 = -t - 0*a - 5*a + 5. Suppose -959 = -3*n + 5*q, 4*n - 2*q - 1302 = -t*n. What are the prime factors of n?
2, 41
Suppose 0 = 20*i + 4376 + 1844. Let r = 399 + i. List the prime factors of r.
2, 11
Let x = 2571 + -1739. Suppose 2*p = -2*p + x. Suppose 4*n - 132 = -3*a + 53, 5*n = 4*a + p. List the prime factors of n.
2, 11
Suppose 19*z - 22*z - 114 = 0. Let v be 12/2*285/z. Let b = 53 + v. List the prime factors of b.
2
Let t be (-6)/(-6 + 4) + 2. Let i = 65 - 60. Suppose -t*q - 4*o + 2*o = -469, -2*q + 175 = i*o. List the prime factors of q.
5, 19
Let k be (8/12)/((-4)/6)*-245. Let x = 513 - k. List the prime factors of x.
2, 67
What are the prime factors of -6 - (-2 + -1)*(-112)/(-48) - -9346?
13, 719
Suppose 4*h - 21 - 7 = 0. Suppose -2*m + 1 = -h. List the prime factors of 57*(12/m + 12/(-9)).
5, 19
Let w(k) = -k**3 - 6*k**2 + 5*k - 10. Let a(q) = -3*q + 26. Let u be a(11). Let r be w(u). Suppose -r*c - 12 = -5*c. What are the prime factors of c?
2, 3
Suppose 0*l - 120 = -8*l. Let p(c) = c**2 + 24*c + 24. What are the prime factors of p(l)?
3, 7, 29
Let l = 37 + -35. Suppose 266 = y - l*y. What are the prime factors of (y/(-28))/(2/20)?
5, 19
Suppose 91 = 2*f - 59. Let a = 140 - f. Suppose n = 28 + a. What are the prime factors of n?
3, 31
Let g = -2307 - -10176. What are the prime factors of g?
3, 43, 61
Let u = -2 - 3. Let k(x) = -13 - 15 - 2*x - x**3 - 5 + 1 + 5. What are the prime factors of k(u)?
2, 3
Suppose -3887730 = 488*j - 590*j. List the prime factors of j.
3, 5, 7, 11
Let j(s) = 38*s + 262. Let z(u) = -u**2 + 3*u + 139. Let p be z(13). List the prime factors of j(p).
2, 151
What are the prime factors of ((-75215)/(-28))/((-2)/(-8))?
5, 7, 307
Suppose 0 = -4*v - t - 84, -5*v - 105 = 5*t - t. Let b = v - -29. Suppose 9*f = b*f + 135. What are the prime factors of f?
3, 5
Suppose 4132144 = 236*l - 3134296. List the prime factors of l.
2, 5, 3079
Let p = 53393 + -22103. List the prime factors of p.
2, 3, 5, 7, 149
Let m(v) = -17*v**3 - 7*v**2 - 8*v. Let y be m(-4). Suppose -15*f = -3132 - y. List the prime factors of f.
2, 3, 23
Let c = -29 + 30. Let d be (1/c)/(1/7). Suppose -d*b + 528 = -b. What are the prime factors of b?
2, 11
Let d be (1 - (-1 + 8)) + 0/(-14). List the prime factors of 326 - 0/(d + (-6)/(-3)).
2, 163
Let l = 88465 + -4364. List the prime factors of l.
37, 2273
Let i(h) be the first derivative of h**3/3 + 7*h**2/2 - h + 11. Let q be i(-7). What are the prime factors of ((-9)/3 - q)/((-2)/48)?
2, 3
Suppose -2*j - 27 + 59 = 0. What are the prime factors of (4/(j/14))/(2/288)?
2, 3, 7
Let a be (-2 + 7 + -1)*64. Suppose 8*b - 478 = -3*w + 9*b, 157 = w + 2*b. Let v = a - w. What are the prime factors of v?
97
Let w(f) = f**2 - 17*f + 31. Let t be w(17). Let i = 148 - t. What are the prime factors of i?
3, 13
List the prime factors of 20/(-45) + 2258520/540.
2, 3, 17, 41
Suppose -10 = -4*w + 22. Suppose -x + 5*z = -21, -26*z + 139 = 3*x - 22*z. Let c = x - w. List the prime factors of c.
3, 11
Let z be (-1)/(4/8*-2) - -2. Suppose 3*h = 5*p - 1184, 467 = 2*p - 2*h + z*h. Let w = p + -90. List the prime factors of w.
5, 29
Let a(d) = -8*d**3 - 12*d**2 - 13*d - 20. List the prime factors of a(-12).
2, 11, 139
Let b(l) = l**3 + 14*l**2 + 23*l. Let z be b(-12). Let v be 3/1*z/4. Let a(p) = 2*p**2 - 15*p - 9. What are the prime factors of a(v)?
2, 3
Let g be 24/16*(-2 - 6/9). What are the prime factors of 3100*(g + (-88)/(-20))?
2, 5, 31
Let q(k) = -4*k - 4. Let v be q(-2). Suppose -v*r = -0*r - 180. Suppose 99 = 4*y - r. List the prime factors of y.
2, 3
Let o(f) = -2*f**3 - 5*f**2 - 5*f + 7. Let c be o(-3). Suppose -12*r + c + 545 = 0. Suppose a = -3*p + r, p = 2*a - 120 + 38. What are the prime factors of a?
2, 3, 7
Suppose a + 5*r = 15538, 37*r - 41*r = 5*a - 77690. What are the prime factors of a?
2, 17, 457
Let x be (-25)/50 + (2 - 3/(-2)). Suppose 5*i - h - 2980 = -5*h, x*h - 1192 = -2*i. What are the prime factors of i?
2, 149
Let o = -30 - -25. What are the prime factors of (-52 - -120) + (1 - o)?
2, 37
Let k(i) = -88*i**3 - 13*i**2 + 2*i - 11. List the prime factors of k(-5).
2, 7, 761
Suppose -2*j = -i - j + 41270, 4*j + 41267 = i. List the prime factors of i.
3, 13757
Let c(j) = 2*j**3 + 89*j**2 + 131*j - 52. What are the prime factors of c(-36)?
2, 13, 83
Let w(a) = -6*a - 2. Let c be w(-1). Suppose -c*p = -417 + 21. Let m = p - 28. List the prime factors of m.
71
Suppose -5*h = -h - 2*z - 4, 0 = 5*h - 5*z - 10. Let r(d) = -10*d**2 - 11*d + 30. Let i be r(5). List the prime factors of 36/(-126) - (h + i/7).
3, 13
Let t(y) = -139*y - 108. Let q(m) = 141*m + 109. Let u(k) = 5*q(k) + 4*t(k). List the prime factors of u(2).
3, 137
Let d(h) = -122 + 120 - 9*h - 30*h. Let u be d(-1). Let w = 62 - u. List the prime factors of w.
5
Suppose 2*l = 2*b - 0*b - 11382, b + l - 5699 = 0. Suppose -3*m - 3*y = -3408, 5*m - b = 7*y - 9*y. What are the prime factors of m?
7, 163
Let y = 98 - 226. Let h = y - -300. What are the prime factors of h?
2, 43
Suppose 2*n + 4*l - 52 = 4*n, -62 = 2*n + l. Let t = -660 + 560. List the prime factors of (-1 - t) + 6 + n/5.
3, 11
Let p(b) = 35*b + 114. Let c(i) = 28*i**2 + 2*i - 1. Let n be c(1). What are the prime factors of p(n)?
1129
Let i = 624 - 282. Suppose -o + 2*q = -0*q - 74, -5*o = -3*q - i. List the prime factors of o.
2, 3, 11
Let b(o) = -385*o + 1. Suppose -3*l - 3 = -3*g, 0*l - 1 = l + 2*g. Let p be b(l). Suppose 4*q - p = -5*j, 3*q = -q - 3*j + 382. List the prime factors of q.
2, 47
Suppose 16 = -2*x + 22. Suppose -9 = -x*n + 3*a, -2*n - 8 = -4*n + a. Suppose p + 3*p - 3*h = 92, 0 = n*p - 2*h - 122. List the prime factors of p.
2, 13
Let h(q) = 6*q + 47. Let u(s) = 9*s + 70. Let a(l) = 7*h(l) - 5*u(l). Let y be a(-9). What are the prime factors of (1 - y/12) + 215/2?
2, 3
Let w(v) be the third derivative of -v**5/60 + v**4/8 + 3*v**3/2 + 88*v**2. Let p be 1/((-2)/3 - -1). What are the prime factors of w(p)?
3
Let j = -352 - -2863. What are the prime factors of j?
3, 31
Suppose l + 4 = 2*l. Suppose 0 = -l*p + 28 + 136. Suppose q - m - 10 = p, 3*q - 4*m - 154 = 0. List the prime factors of q.
2, 5
Suppose -i = -l - 3, 5*i + l - 9 = -0*i. Suppose -3*y + 3*b = -4*y + 159, 4*b + 288 = i*y. List the prime factors of y.
2, 3, 5
Let x be ((-20)/(-8))/(2/4). Suppose u + 0*m + 3 = m, x*u = -5*m - 35. List the prime factors of (54/u)/(-2*2/40).
2, 3
Suppose 8*q - 2 = 7*q, 2*q = -t + 136. Suppose 4*b = 4*m + m - 336, t = 2*m - 4*b. List the prime factors of m.
2, 17
Let g(o) = -15*o - 8*o + 11*o + 6 + 2*o**2. List the prime factors of g(12).
2, 3, 5
List the prime factors of (1142*1)/(277/1108).
2, 571
Suppose 196*x = 4*r + 198*x - 19480, -4*r + 19492 = 5*x. List the prime factors of r.
2, 1217
Let f = 24 + -35. List the prime factors of 0 + -1 + (-9 - f)*133.
5, 53
Let x = 36 + -53. Let y = -46 + 125. Let m = x + y. List the prime factors of m.
2, 31
Suppose -n - 8 = 5*m, 5*m - 7*m - 4 = 0. Suppose -v + r + 0 = n, 3*v - r = -8. What are the prime factors of (12/(-4) - 0) + (-567)/v?
2, 3, 31
Let n(b) = b**3 - 9*b**2 + 16*b + 12. Suppose 2*w - 18 = -w. Let k be n(w). Suppose k = -2*m + 32 + 60. List the prime factors of m.
2, 23
List the prime factors of (-6199680)/(-225) - (88/60)/11.
2, 23, 599
Let b(z) be the firs